{"id":1321,"date":"2018-08-21T08:52:18","date_gmt":"2018-08-21T11:52:18","guid":{"rendered":"https:\/\/ifd12-nqn.infd.edu.ar\/sitio\/?page_id=1321"},"modified":"2026-04-08T14:23:12","modified_gmt":"2026-04-08T17:23:12","slug":"la-propuesta","status":"publish","type":"page","link":"https:\/\/ifd12-nqn.infd.edu.ar\/sitio\/la-propuesta\/","title":{"rendered":"Becas PROGRESAR"},"content":{"rendered":"<h4>Convocatoria a las becas PROGRESAR 2026.<\/h4>\n<p>\u21d2 Inscripci\u00f3n: Para iniciar el proceso, los postulantes deber\u00e1n<br \/>\ncontar con un usuario propio en Mi Argentina. Este paso es fundamental<br \/>\npara certificar la identidad de forma directa y sin intermediarios.<br \/>\n\u21d2 Requisitos: Se mantienen vigentes las condiciones de edad e<br \/>\ningresos, as\u00ed como la acreditaci\u00f3n de asistencia y avance acad\u00e9mico.<\/p>\n<h4 class=\"normal\" style=\"text-align: center;\"><img decoding=\"async\" loading=\"lazy\" class=\"alignnone  wp-image-1457\" src=\"https:\/\/ifd12-nqn.infd.edu.ar\/sitio\/wp-content\/uploads\/2019\/02\/MANITAS-GIF.gif\" alt=\"\" width=\"38\" height=\"33\" \/>\u00a0 La inscripci\u00f3n a la beca es del 7 de abril al 30 de abril.<\/h4>\n<ul>\n<li style=\"list-style-type: none;\">\n<ul>\n<li style=\"list-style-type: none;\">\n<ul>\n<li style=\"list-style-type: none;\">\n<ul>\n<li style=\"list-style-type: none;\">\n<ul>\n<li>\n<h5><a href=\"https:\/\/ifd12-nqn.infd.edu.ar\/sitio\/wp-content\/uploads\/2026\/04\/Instructivo-de-inscripcion-Superior-2026.pdf\">Instructivo para inscribirme<\/a><\/h5>\n<\/li>\n<li>\n<h5><a href=\"https:\/\/ifd12-nqn.infd.edu.ar\/sitio\/wp-content\/uploads\/2026\/04\/Brief-Progresar-Superior-2026_Baja.pdf\">Reglamento<\/a><\/h5>\n<\/li>\n<\/ul>\n<\/li>\n<\/ul>\n<\/li>\n<\/ul>\n<\/li>\n<\/ul>\n<\/li>\n<\/ul>\n","protected":false},"excerpt":{"rendered":"<p>Convocatoria a las becas PROGRESAR 2026. \u21d2 Inscripci\u00f3n: Para iniciar el proceso, los postulantes deber\u00e1n contar con un usuario propio en Mi Argentina. Este paso es fundamental para certificar la identidad de forma directa y sin intermediarios. \u21d2 Requisitos: Se mantienen vigentes las condiciones de edad e ingresos, as\u00ed como la acreditaci\u00f3n de asistencia y &#8230; <a title=\"Becas PROGRESAR\" class=\"read-more\" href=\"https:\/\/ifd12-nqn.infd.edu.ar\/sitio\/la-propuesta\/\" aria-label=\"More on Becas PROGRESAR\">[+]<\/a><\/p>\n","protected":false},"author":1452,"featured_media":0,"parent":0,"menu_order":0,"comment_status":"closed","ping_status":"closed","template":"","meta":[],"acf":[],"_links":{"self":[{"href":"https:\/\/ifd12-nqn.infd.edu.ar\/sitio\/wp-json\/wp\/v2\/pages\/1321"}],"collection":[{"href":"https:\/\/ifd12-nqn.infd.edu.ar\/sitio\/wp-json\/wp\/v2\/pages"}],"about":[{"href":"https:\/\/ifd12-nqn.infd.edu.ar\/sitio\/wp-json\/wp\/v2\/types\/page"}],"author":[{"embeddable":true,"href":"https:\/\/ifd12-nqn.infd.edu.ar\/sitio\/wp-json\/wp\/v2\/users\/1452"}],"replies":[{"embeddable":true,"href":"https:\/\/ifd12-nqn.infd.edu.ar\/sitio\/wp-json\/wp\/v2\/comments?post=1321"}],"version-history":[{"count":6,"href":"https:\/\/ifd12-nqn.infd.edu.ar\/sitio\/wp-json\/wp\/v2\/pages\/1321\/revisions"}],"predecessor-version":[{"id":4008,"href":"https:\/\/ifd12-nqn.infd.edu.ar\/sitio\/wp-json\/wp\/v2\/pages\/1321\/revisions\/4008"}],"wp:attachment":[{"href":"https:\/\/ifd12-nqn.infd.edu.ar\/sitio\/wp-json\/wp\/v2\/media?parent=1321"}],"curies":[{"name":"wp","href":"https:\/\/api.w.org\/{rel}","templated":true}]}}