{"id":1560,"date":"2019-04-05T09:49:19","date_gmt":"2019-04-05T12:49:19","guid":{"rendered":"https:\/\/ifd12-nqn.infd.edu.ar\/sitio\/?page_id=1560"},"modified":"2026-03-11T08:46:30","modified_gmt":"2026-03-11T11:46:30","slug":"inscripciones-a-cursadxs-2021","status":"publish","type":"page","link":"https:\/\/ifd12-nqn.infd.edu.ar\/sitio\/inscripciones-a-cursadxs-2021\/","title":{"rendered":"CURSADOS ANUALES y 1er CUATRIMESTRE 2026"},"content":{"rendered":"<p>\u00a0<\/p>\n<h4><img decoding=\"async\" loading=\"lazy\" class=\"alignnone  wp-image-3948\" src=\"https:\/\/ifd12-nqn.infd.edu.ar\/sitio\/wp-content\/uploads\/2026\/02\/INSCRIPCION-A-CURSADOS-707x1000.jpg\" alt=\"\" width=\"486\" height=\"687\" srcset=\"https:\/\/ifd12-nqn.infd.edu.ar\/sitio\/wp-content\/uploads\/2026\/02\/INSCRIPCION-A-CURSADOS-707x1000.jpg 707w, https:\/\/ifd12-nqn.infd.edu.ar\/sitio\/wp-content\/uploads\/2026\/02\/INSCRIPCION-A-CURSADOS-1343x1900.jpg 1343w, https:\/\/ifd12-nqn.infd.edu.ar\/sitio\/wp-content\/uploads\/2026\/02\/INSCRIPCION-A-CURSADOS-768x1086.jpg 768w, https:\/\/ifd12-nqn.infd.edu.ar\/sitio\/wp-content\/uploads\/2026\/02\/INSCRIPCION-A-CURSADOS-1086x1536.jpg 1086w, https:\/\/ifd12-nqn.infd.edu.ar\/sitio\/wp-content\/uploads\/2026\/02\/INSCRIPCION-A-CURSADOS-1448x2048.jpg 1448w, https:\/\/ifd12-nqn.infd.edu.ar\/sitio\/wp-content\/uploads\/2026\/02\/INSCRIPCION-A-CURSADOS.jpg 1587w\" sizes=\"(max-width: 486px) 100vw, 486px\" \/> <img decoding=\"async\" loading=\"lazy\" class=\"alignnone  wp-image-3947\" src=\"https:\/\/ifd12-nqn.infd.edu.ar\/sitio\/wp-content\/uploads\/2026\/02\/INSCRIPCION-A-EDIS-707x1000.png\" alt=\"\" width=\"485\" height=\"686\" srcset=\"https:\/\/ifd12-nqn.infd.edu.ar\/sitio\/wp-content\/uploads\/2026\/02\/INSCRIPCION-A-EDIS-707x1000.png 707w, https:\/\/ifd12-nqn.infd.edu.ar\/sitio\/wp-content\/uploads\/2026\/02\/INSCRIPCION-A-EDIS-1343x1900.png 1343w, https:\/\/ifd12-nqn.infd.edu.ar\/sitio\/wp-content\/uploads\/2026\/02\/INSCRIPCION-A-EDIS-768x1086.png 768w, https:\/\/ifd12-nqn.infd.edu.ar\/sitio\/wp-content\/uploads\/2026\/02\/INSCRIPCION-A-EDIS-1086x1536.png 1086w, https:\/\/ifd12-nqn.infd.edu.ar\/sitio\/wp-content\/uploads\/2026\/02\/INSCRIPCION-A-EDIS-1448x2048.png 1448w, https:\/\/ifd12-nqn.infd.edu.ar\/sitio\/wp-content\/uploads\/2026\/02\/INSCRIPCION-A-EDIS.png 1587w\" sizes=\"(max-width: 485px) 100vw, 485px\" \/><\/h4>\n<h4>\u00a0<\/h4>\n<h4><strong>INFORMACI\u00d3N<\/strong><\/h4>\n<p><span style=\"color: #008080;\"><strong>Para inscribirse necesitan:<\/strong><\/span><\/p>\n<ul>\n<li>Contar con una cuenta de correo de <strong>gmail<\/strong> (para recibir una copia del formulario enviado, que servir\u00e1 como comprobante de inscripci\u00f3n).<\/li>\n<li>Tener a mano el <strong>n\u00famero de legajo<\/strong> (dato disponible en la libreta de calificaciones del IFD 12).\u00a0<\/li>\n<li>Verificar qu\u00e9 materias pueden cursar, teniendo en cuenta el <a href=\"https:\/\/ifd12-nqn.infd.edu.ar\/sitio\/normativa\/upload\/r_0661_14.pdf\">R\u00e9gimen de correlatividades, Resol 661 (clic aqu\u00ed para ver)<\/a><\/li>\n<li><span style=\"color: #000000;\">Consultar horarios para evitar superposici\u00f3n de cursados:<\/span><br \/>\n<h5><img decoding=\"async\" loading=\"lazy\" class=\"wp-image-2707 alignleft\" src=\"https:\/\/ifd12-nqn.infd.edu.ar\/sitio\/wp-content\/uploads\/2021\/03\/reloj.png\" alt=\"\" width=\"96\" height=\"96\" \/><\/h5>\n<h5><span style=\"color: #0000ff;\">HORARIOS CURSADOS PEI 2026 <a href=\"https:\/\/padlet.com\/equipeisfd12nt\/horarios-cursados-pei-2026-isfd-12-qm5veth53e6adgqa\">(aqu\u00ed)<\/a><\/span><\/h5>\n<h5><span style=\"color: #0000ff;\">HORARIOS CURSADOS PEP 2026 <a href=\"https:\/\/padlet.com\/equipeisfd12nt\/horarios-cursados-pep-2026-isfd12-97r9pkhlm6mwvna0\">(aqu\u00ed)<\/a><\/span><\/h5>\n<h5>\u00a0<\/h5>\n<\/li>\n<\/ul>\n<p><span style=\"color: #008080;\"><strong>\u00bfC\u00f3mo se inscriben a cursados? <\/strong><\/span><span style=\"font-size: inherit;\">Completando un <em>Formulario online<\/em><\/span><em><strong style=\"font-size: inherit;\">\u00a0<\/strong><\/em><span style=\"font-size: inherit;\">que se habilitar\u00e1n durante las fechas establecidas. Para ello deber\u00e1n hacer <\/span><strong style=\"font-size: inherit;\">clic en los siguientes enlaces seg\u00fan a\u00f1o\/carrera:<\/strong><\/p>\n<p><span style=\"color: #ff0000;\"><strong><br \/>ES MUY IMPORTANTE COMPLETAR EL FORMULARIO DENTRO DE LA FECHA DE INSCRIPCI\u00d3N, SI TEN\u00c9S DUDAS O NECESITAS AYUDA PARA COMPLETARLO ACERCARTE A PRECEPTOR\u00cdA DENTRO DE LAS FECHAS ESTABLECIDAS PARA LA INSCRIPCI\u00d3N. <\/strong><\/span><\/p>\n<p><span style=\"color: #ff0000;\"><strong>EST\u00c1N LIMITADOS A 1 RESPUESTA.<\/strong> LEER ATENTAMENTE Y CORROBORAR QUE LOS DATOS SEAN CORRECTOS ANTES DE ENVIAR<\/span><\/p>\n<p><a href=\"https:\/\/forms.gle\/oojnVGjsrZRCPobV8\">E.D.I<\/a>\u00a0<\/p>\n<p><span style=\"color: #3366ff;\">1\u00b0 A\u00d1O TURNO<\/span> <a href=\"https:\/\/forms.gle\/EcxQ9zt7w5SfcTGL7\">MA\u00d1ANA<\/a>\u00a0<\/p>\n<p><span style=\"color: #3366ff;\">1\u00b0 A\u00d1O TURNO<\/span> <a href=\"https:\/\/forms.gle\/BDKvjDvfRo6qBVLf9\">TARDE<\/a>\u00a0<\/p>\n<p><span style=\"color: #3366ff;\">2\u00ba<\/span> <a href=\"https:\/\/forms.gle\/9savQthWFGPPABoJ8\">PEP<\/a>\u00a0<\/p>\n<p><span style=\"color: #3366ff;\">2\u00b0 PEP<\/span> <a href=\"https:\/\/forms.gle\/EqEdD3zFPDmMVjBe7\">PR\u00c1CTICA<\/a>\u00a0<\/p>\n<p><span style=\"color: #3366ff;\">2\u00ba<\/span> <a href=\"https:\/\/docs.google.com\/forms\/d\/e\/1FAIpQLSfd2xD-x_ExR89SwexNs8_QV03Pl3fMmT6k9-fz9os1_yeVgg\/viewform?usp=sharing&amp;ouid=117149297119741298784\">PEI<\/a>\u00a0<\/p>\n<p><span style=\"color: #3366ff;\">2\u00b0 PEI<\/span> <a href=\"https:\/\/forms.gle\/RJSQgwzh2QdVzf488\">PR\u00c1CTICA<\/a>\u00a0<\/p>\n<p><span style=\"color: #3366ff;\">3\u00ba<\/span> <a href=\"https:\/\/forms.gle\/t1tvMh5vpVXxLjTk6\">PEP<\/a><\/p>\n<p><span style=\"color: #3366ff;\">3\u00b0 PEP<\/span> <a href=\"https:\/\/forms.gle\/bmhnZYGnjygFzysL9\">RESIDENCIA<\/a>\u00a0<\/p>\n<p><span style=\"color: #3366ff;\">3\u00ba<\/span> <a href=\"https:\/\/forms.gle\/W1gXTVn2xejbStnM8\">PEI<\/a>\u00a0<\/p>\n<p><span style=\"color: #3366ff;\">3\u00b0 PEI<\/span> <a href=\"https:\/\/forms.gle\/V9Wo7xXPXKdNNLZGA\">RESIDENCIA<\/a>\u00a0<\/p>\n<p><span style=\"color: #3366ff;\">4\u00ba<\/span> <a href=\"https:\/\/forms.gle\/cd4HLm1KoDjpjwbp9\">A\u00d1O<\/a><\/p>\n<p><span style=\"color: #3366ff;\">4\u00b0A\u00d1O PEP<\/span> <a href=\"https:\/\/forms.gle\/c8xJauDYEzmZRcor8\">RESIDENCIA<\/a>\u00a0<\/p>\n<p><span style=\"color: #3366ff;\">4\u00b0 A\u00d1O PEI<\/span> <a href=\"https:\/\/forms.gle\/mCyNA41GNckTuYg48\">RESIDENCIA<\/a>\u00a0<\/p>\n<p><a href=\"https:\/\/forms.gle\/iekohoaDjY59Yusy8\">ESI<\/a><\/p>\n<pre><span style=\"color: #008080;\"><strong>\u00bfREGULAR, RECURSANTE, ASISTENTE (oyente)?<\/strong><\/span><\/pre>\n<ul>\n<li>Se inscribir\u00e1 como\u00a0<strong>REGULAR<\/strong> quien cuente con los requisitos de correlatividades al momento de inscripci\u00f3n y no haya aprobado previamente el cursado del espacio curricular (con vigencia de tres ciclos lectivos).<\/li>\n<li>Se inscribir\u00e1 como\u00a0<strong>RECURSANTE<\/strong> quien cuente con los requisitos de correlatividades al momento de inscripci\u00f3n y haya desaprobado, abandonado o tenga vencido el cursado de un espacio curricular.<\/li>\n<li>Se inscribir\u00e1 como <strong>ASISTENTE<\/strong> (\u00aboyente\u00bb) quien\u00a0teniendo o no la aprobaci\u00f3n en el espacio curricular, asista a clases a efectos de resignificar contenidos<\/li>\n<\/ul>\n<div dir=\"ltr\">\n<pre><span style=\"color: #008080;\"><b>INFORMACI\u00d3N GENERAL SOBRE <strong>INSCRIPCIONES<\/strong><\/b><\/span><\/pre>\n<ul>\n<li>Durante el per\u00edodo de inscripci\u00f3n definido y establecido por Calendario Acad\u00e9mico, les estudiantes deber\u00e1n inscribirse en los espacios curriculares que cursar\u00e1n en cada cuatrimestre.<\/li>\n<\/ul>\n<\/div>\n<div dir=\"ltr\">\n<ul>\n<li>Finalizado el plazo de inscripci\u00f3n, se habilitar\u00e1 un per\u00edodo de revisi\u00f3n para quienes no figuren en listados y se abrir\u00e1 una inscripci\u00f3n complementaria, que tendr\u00e1 un alcance de una semana m\u00e1s.<\/li>\n<\/ul>\n<\/div>\n<div dir=\"ltr\">\n<ul>\n<li>Transcurridas ese tiempo (que incluyen el per\u00edodo de inscripci\u00f3n y la semana de revisi\u00f3n de listados) <strong>NO\u00a0se aceptar\u00e1n m\u00e1s inscripciones<\/strong>. En casos excepcionales deber\u00e1n presentar la solicitud (por escrito) ante Consejo Acad\u00e9mico, explicando los motivos por los que no pudieron inscribirse y esperar la respuesta.<\/li>\n<\/ul>\n<\/div>\n<div dir=\"ltr\">\n<ul>\n<li>Para que la inscripci\u00f3n tenga validez\u00a0deber\u00e1 respetar el\u00a0R\u00e9gimen de correlatividades y los plazos de vencimiento de cursados.<\/li>\n<\/ul>\n<\/div>\n<div dir=\"ltr\">\n<ul>\n<li>Recordamos que una vez <strong><em>aprobado el cursado\u00a0<\/em><\/strong>de un espacio curricular, \u00e9ste tendr\u00e1 una <em><strong>validez de tres a\u00f1os<\/strong>,<\/em> que se extender\u00e1 hasta el turno de <em>noviembre-diciembre<\/em> (para los casos de vencimiento en 1\u00ba cuatrimestre) o hasta el turno de <em>febrero-marzo<\/em> del a\u00f1o subsiguiente (para los casos de vencimiento en 2\u00ba cuatrimestre).<\/li>\n<\/ul>\n<\/div>\n<div dir=\"ltr\">\u00a0<\/div>\n\n\n<p><\/p>\n","protected":false},"excerpt":{"rendered":"<p>\u00a0 \u00a0 INFORMACI\u00d3N Para inscribirse necesitan: Contar con una cuenta de correo de gmail (para recibir una copia del formulario enviado, que servir\u00e1 como comprobante de inscripci\u00f3n). Tener a mano el n\u00famero de legajo (dato disponible en la libreta de calificaciones del IFD 12).\u00a0 Verificar qu\u00e9 materias pueden cursar, teniendo en cuenta el R\u00e9gimen de &#8230; <a title=\"CURSADOS ANUALES y 1er CUATRIMESTRE 2026\" class=\"read-more\" href=\"https:\/\/ifd12-nqn.infd.edu.ar\/sitio\/inscripciones-a-cursadxs-2021\/\" aria-label=\"More on CURSADOS ANUALES y 1er CUATRIMESTRE 2026\">[+]<\/a><\/p>\n","protected":false},"author":99,"featured_media":0,"parent":0,"menu_order":0,"comment_status":"closed","ping_status":"closed","template":"","meta":[],"acf":[],"_links":{"self":[{"href":"https:\/\/ifd12-nqn.infd.edu.ar\/sitio\/wp-json\/wp\/v2\/pages\/1560"}],"collection":[{"href":"https:\/\/ifd12-nqn.infd.edu.ar\/sitio\/wp-json\/wp\/v2\/pages"}],"about":[{"href":"https:\/\/ifd12-nqn.infd.edu.ar\/sitio\/wp-json\/wp\/v2\/types\/page"}],"author":[{"embeddable":true,"href":"https:\/\/ifd12-nqn.infd.edu.ar\/sitio\/wp-json\/wp\/v2\/users\/99"}],"replies":[{"embeddable":true,"href":"https:\/\/ifd12-nqn.infd.edu.ar\/sitio\/wp-json\/wp\/v2\/comments?post=1560"}],"version-history":[{"count":181,"href":"https:\/\/ifd12-nqn.infd.edu.ar\/sitio\/wp-json\/wp\/v2\/pages\/1560\/revisions"}],"predecessor-version":[{"id":3993,"href":"https:\/\/ifd12-nqn.infd.edu.ar\/sitio\/wp-json\/wp\/v2\/pages\/1560\/revisions\/3993"}],"wp:attachment":[{"href":"https:\/\/ifd12-nqn.infd.edu.ar\/sitio\/wp-json\/wp\/v2\/media?parent=1560"}],"curies":[{"name":"wp","href":"https:\/\/api.w.org\/{rel}","templated":true}]}}