{"id":896,"date":"2018-07-03T12:47:15","date_gmt":"2018-07-03T15:47:15","guid":{"rendered":"https:\/\/ifd12-nqn.infd.edu.ar\/sitio\/secretaria-de-extension\/"},"modified":"2024-06-06T10:23:41","modified_gmt":"2024-06-06T13:23:41","slug":"secretaria-de-extension","status":"publish","type":"page","link":"https:\/\/ifd12-nqn.infd.edu.ar\/sitio\/secretaria-de-extension\/","title":{"rendered":"Secretar\u00eda de Extensi\u00f3n"},"content":{"rendered":"\n<p>En el siguiente link podr\u00e1n encontrar para su lectura, todos los proyectos de extensi\u00f3n e investigaci\u00f3n presentados por el momento para el ciclo 2024<\/p>\n\n\n\n<p><a href=\"https:\/\/padlet.com\/extensionisfd12\/proyectos-de-extensi-n-e-investigaci-n-i-s-f-d-12-2024-dcklfgyb1lv5aajl\">https:\/\/padlet.com\/extensionisfd12\/proyectos-de-extensi-n-e-investigaci-n-i-s-f-d-12-2024-dcklfgyb1lv5aajl<\/a><\/p>\n","protected":false},"excerpt":{"rendered":"<p>En el siguiente link podr\u00e1n encontrar para su lectura, todos los proyectos de extensi\u00f3n e investigaci\u00f3n presentados por el momento para el ciclo 2024 https:\/\/padlet.com\/extensionisfd12\/proyectos-de-extensi-n-e-investigaci-n-i-s-f-d-12-2024-dcklfgyb1lv5aajl<\/p>\n","protected":false},"author":1452,"featured_media":0,"parent":0,"menu_order":0,"comment_status":"closed","ping_status":"closed","template":"","meta":[],"acf":[],"_links":{"self":[{"href":"https:\/\/ifd12-nqn.infd.edu.ar\/sitio\/wp-json\/wp\/v2\/pages\/896"}],"collection":[{"href":"https:\/\/ifd12-nqn.infd.edu.ar\/sitio\/wp-json\/wp\/v2\/pages"}],"about":[{"href":"https:\/\/ifd12-nqn.infd.edu.ar\/sitio\/wp-json\/wp\/v2\/types\/page"}],"author":[{"embeddable":true,"href":"https:\/\/ifd12-nqn.infd.edu.ar\/sitio\/wp-json\/wp\/v2\/users\/1452"}],"replies":[{"embeddable":true,"href":"https:\/\/ifd12-nqn.infd.edu.ar\/sitio\/wp-json\/wp\/v2\/comments?post=896"}],"version-history":[{"count":12,"href":"https:\/\/ifd12-nqn.infd.edu.ar\/sitio\/wp-json\/wp\/v2\/pages\/896\/revisions"}],"predecessor-version":[{"id":3569,"href":"https:\/\/ifd12-nqn.infd.edu.ar\/sitio\/wp-json\/wp\/v2\/pages\/896\/revisions\/3569"}],"wp:attachment":[{"href":"https:\/\/ifd12-nqn.infd.edu.ar\/sitio\/wp-json\/wp\/v2\/media?parent=896"}],"curies":[{"name":"wp","href":"https:\/\/api.w.org\/{rel}","templated":true}]}}