{"id":941,"date":"2018-07-03T12:47:34","date_gmt":"2018-07-03T15:47:34","guid":{"rendered":"https:\/\/ifd12-nqn.infd.edu.ar\/sitio\/carreras\/"},"modified":"2021-03-08T23:02:43","modified_gmt":"2021-03-09T02:02:43","slug":"carreras","status":"publish","type":"page","link":"https:\/\/ifd12-nqn.infd.edu.ar\/sitio\/carreras\/","title":{"rendered":"Planes de Estudio"},"content":{"rendered":"<h2><strong>Profesorado de Educaci\u00f3n Primaria (PEP)<\/strong><\/h2>\n<h2><strong>Profesorado de Educaci\u00f3n Inicial (PEI)<\/strong><\/h2>\n<p><strong>Carreras de 4 (cuatro) a\u00f1os de duraci\u00f3n. T\u00edtulos con validez nacional.<\/strong><\/p>\n<pre>PLANES DE ESTUDIO VIGENTES\u00a0\r\n\r\n- <a href=\"https:\/\/ifd12-nqn.infd.edu.ar\/sitio\/wp-content\/uploads\/2019\/06\/Plan-402-PEP.pdf\">Plan 402<\/a> - Profesorado de Educaci\u00f3n Primaria (PEP) Cohorte 2009.\r\n\r\n- <a href=\"https:\/\/ifd12-nqn.infd.edu.ar\/sitio\/carreras\/upload\/Plan_395.pdf\">Plan 395<\/a> - Profesorado de Educaci\u00f3n Primaria (PEP) Cohortes 2010-2015.\r\n\r\n- <a href=\"https:\/\/ifd12-nqn.infd.edu.ar\/sitio\/wp-content\/uploads\/2019\/06\/Plan-de-Estudios-639.pdf\">Plan 639<\/a> -<strong>\u00a0<span style=\"color: #008080;\">Profesorado de Educaci\u00f3n Primaria (PEP) Cohorte 2016-hasta la actualidad. <\/span>\r\n<\/strong>\r\n\r\n- <a href=\"https:\/\/ifd12-nqn.infd.edu.ar\/sitio\/wp-content\/uploads\/2019\/06\/Plan-408-PEI.pdf\">Plan 408<\/a> - Profesorado de Educaci\u00f3n Inicial (PEI) Cohorte 2009. \r\n\r\n- <a href=\"https:\/\/ifd12-nqn.infd.edu.ar\/sitio\/carreras\/upload\/profesorado_de_educacion_inicial.pdf\">Plan 396<\/a> - Profesorado de Educaci\u00f3n Inicial (PEI) Cohortes 2010-2015.\r\n\r\n- <a href=\"https:\/\/ifd12-nqn.infd.edu.ar\/sitio\/wp-content\/uploads\/2019\/06\/Plan-de-Estudios-640.pdf\">Plan 640<\/a> - <strong><span style=\"color: #008080;\">P<\/span><span style=\"color: #008080;\">rofesorado de Educaci\u00f3n Inicial (PEI) Cohorte 2016-  hasta la actualidad.<\/span> <\/strong><\/pre>\n<p>La validez de la acreditaci\u00f3n final de los espacios curriculares de los Planes de estudio vigentes ser\u00e1 de ocho per\u00edodos escolares desde el momento en que fue acreditado el \u00faltimo espacio curricular.<\/p>\n<p>&nbsp;<\/p>\n<p><strong>Direcci\u00f3n: Gob. Anaya 295\u00a0(a la vuelta del Hosp. Bouquet Rold\u00e1n)<\/strong><\/p>\n<p>&nbsp;<\/p>\n","protected":false},"excerpt":{"rendered":"<p>Profesorado de Educaci\u00f3n Primaria (PEP) Profesorado de Educaci\u00f3n Inicial (PEI) Carreras de 4 (cuatro) a\u00f1os de duraci\u00f3n. T\u00edtulos con validez nacional. PLANES DE ESTUDIO VIGENTES\u00a0 &#8211; Plan 402 &#8211; Profesorado de Educaci\u00f3n Primaria (PEP) Cohorte 2009. &#8211; Plan 395 &#8211; Profesorado de Educaci\u00f3n Primaria (PEP) Cohortes 2010-2015. &#8211; Plan 639 &#8211;\u00a0Profesorado de Educaci\u00f3n Primaria (PEP) &#8230; <a title=\"Planes de Estudio\" class=\"read-more\" href=\"https:\/\/ifd12-nqn.infd.edu.ar\/sitio\/carreras\/\" aria-label=\"More on Planes de Estudio\">[+]<\/a><\/p>\n","protected":false},"author":1452,"featured_media":0,"parent":0,"menu_order":0,"comment_status":"closed","ping_status":"closed","template":"","meta":[],"acf":[],"_links":{"self":[{"href":"https:\/\/ifd12-nqn.infd.edu.ar\/sitio\/wp-json\/wp\/v2\/pages\/941"}],"collection":[{"href":"https:\/\/ifd12-nqn.infd.edu.ar\/sitio\/wp-json\/wp\/v2\/pages"}],"about":[{"href":"https:\/\/ifd12-nqn.infd.edu.ar\/sitio\/wp-json\/wp\/v2\/types\/page"}],"author":[{"embeddable":true,"href":"https:\/\/ifd12-nqn.infd.edu.ar\/sitio\/wp-json\/wp\/v2\/users\/1452"}],"replies":[{"embeddable":true,"href":"https:\/\/ifd12-nqn.infd.edu.ar\/sitio\/wp-json\/wp\/v2\/comments?post=941"}],"version-history":[{"count":6,"href":"https:\/\/ifd12-nqn.infd.edu.ar\/sitio\/wp-json\/wp\/v2\/pages\/941\/revisions"}],"predecessor-version":[{"id":2683,"href":"https:\/\/ifd12-nqn.infd.edu.ar\/sitio\/wp-json\/wp\/v2\/pages\/941\/revisions\/2683"}],"wp:attachment":[{"href":"https:\/\/ifd12-nqn.infd.edu.ar\/sitio\/wp-json\/wp\/v2\/media?parent=941"}],"curies":[{"name":"wp","href":"https:\/\/api.w.org\/{rel}","templated":true}]}}